/4*(-3)/(-6). Suppose -y*m + 28 = 2*r, -5*r - 5*m + 94 - 19 = 0. Let x = -216 - -328. Calculate the greatest common divisor of r and x.
16
Suppose 0*r = 3*r - 120. Let y be (-9)/(-36) + (-305)/4. Let h = 136 + y. Calculate the highest common divisor of r and h.
20
Let k = -5 + 8. Suppose -k*q - h = -2*h - 156, -h + 3 = 0. Let y = q - 13. What is the highest common divisor of 10 and y?
10
Let w = -95 + 172. Suppose -2*r = r - 21. What is the greatest common factor of r and w?
7
Suppose 224 = 29*a - 25*a. What is the highest common divisor of 7 and a?
7
Let b(l) = l**3 + 6*l**2 + 2*l - 3. Let i be b(-5). Suppose 3*r - 15 = -j, -31 - 29 = -3*j - 4*r. What is the greatest common factor of j and i?
12
Let m = 30 - 23. What is the greatest common factor of 7 and m?
7
Let g(l) = -3*l**2 - 3*l - 8. Let q be g(-4). Suppose -207 = -3*x + p, -2*x = 2*x - 2*p - 278. Let w = x + q. What is the highest common factor of w and 16?
8
Let g(l) = 0*l**2 + 2 + 0*l**2 - 6*l**2 - 3*l**3 + 2*l**3 - 6*l. Let q be g(-5). What is the greatest common divisor of q and 77?
7
Suppose 53 = -d + 119. What is the greatest common divisor of 33 and d?
33
Let j(m) = 2*m**2 + 9*m - 9. Let h be j(-9). Calculate the greatest common factor of h and 8.
8
Let b = -10 - -24. Calculate the greatest common factor of 98 and b.
14
Suppose 3*a + 97 = 433. Let f(g) = -g**2 - 11*g - 14. Let h be f(-4). What is the highest common divisor of a and h?
14
Let x = 16 - 16. Suppose -3*u = -x*u - 21. Calculate the greatest common divisor of u and 70.
7
Let q(b) = b**2 + 18. Let o be q(0). Let h be 2/(-3) - 79/3. Let m be (-20)/(-3)*h/(-2). What is the greatest common divisor of o and m?
18
Let q(a) = 2*a**3 + 15 - 67*a + 85*a - 10*a**2 - 3*a**3. Let p be q(-12). What is the highest common factor of 29 and p?
29
Suppose -2*x - 3 + 15 = 0. What is the highest common factor of x and 6?
6
Let q = -49 - -101. Let n be (-1)/(-3) + q/6. Suppose -5*a = 10, i + 0*a - 4*a - 71 = 0. What is the highest common factor of i and n?
9
Suppose 4*t - 1 - 15 = 0. Calculate the highest common divisor of 10 and t.
2
Let j(h) = 4*h**3 - 2*h**2 - 3*h + 3. Let d be j(2). Calculate the greatest common factor of 7 and d.
7
Let w(r) = -3*r + 1. Let p be w(-1). Suppose -56 = -3*v + x, 5*x = p*v + 4*x - 74. What is the highest common divisor of 162 and v?
18
Let b(m) = 6*m - 1. Let p be b(1). Suppose p*d - 6 + 31 = 0. Let v = d + 17. Calculate the highest common divisor of v and 60.
12
Let m = -1 + 33. Let u = m - 10. What is the greatest common factor of 11 and u?
11
Let s(j) = -3*j - 9. Let k be s(-6). Let a = -57 - -86. Let z = -20 + a. What is the highest common factor of k and z?
9
Let p(g) = -g**3 - 5*g**2 + 5*g - 3. Let c be p(-6). Let w(l) = -10*l + 63. Let n be w(6). What is the highest common factor of c and n?
3
Let b = -1 - -15. Suppose 3*i + 4*m + b = 6, 16 = -i - 4*m. Let z = 9 - i. Calculate the highest common divisor of z and 35.
5
Let n be -9 + 4 + 53/1. What is the greatest common divisor of n and 32?
16
Let k be 3/(-12) - (-50)/8. Let b(v) = -v**2 + 7*v. Let f be b(k). What is the greatest common factor of f and 9?
3
Let y be 6/(-3 + 54/12). Suppose -3*a = 2*i - 26, -22 = -2*i - 0*a - a. What is the highest common divisor of y and i?
2
Let a be (-3 - -3)*(-2 + 1). Suppose -i + 1 = a, 2*k + 5*i + 335 = 7*k. Calculate the greatest common divisor of 17 and k.
17
Suppose -a + 21 = 4. Suppose 0 = -5*o + o + 5*b + 637, 4*o + 5*b - 587 = 0. Calculate the highest common factor of o and a.
17
Suppose w - 5*w + 6 = -5*h, -3*h = 3*w - 18. Suppose -h*y = 2*y - 52. Calculate the greatest common divisor of y and 13.
13
Suppose 0 = k - 4*z + 4, z - 6*z = k + 49. Let u = k - -34. Let a be (-2 + 9)*(-90)/(-21). What is the highest common divisor of a and u?
10
Let l be (2/(-4) - 2)/((-11)/22). What is the greatest common factor of 20 and l?
5
Let j = 13 + -5. What is the highest common factor of 8 and j?
8
Suppose h + 3*h - 140 = 0. Let a be 0 + 2 + -2 - -2. Let v be 13/a + 3/6. What is the greatest common divisor of v and h?
7
Let g(j) = -j**3 - 11*j**2 - 9*j + 21. Let q be g(-10). Calculate the greatest common factor of q and 88.
11
Let t be (-6)/(-15) + 240/25. What is the greatest common factor of t and 110?
10
Let g(m) = m + 4. Let h be g(0). Suppose -2*t + 6*t - u = 348, -h*u = -5*t + 424. Calculate the greatest common divisor of 11 and t.
11
Suppose m = -3*m + 360. Suppose 2*w - w = m. What is the greatest common factor of w and 36?
18
Suppose k - 4 = -5. Let m be -8*k*(-1 + 3). Calculate the highest common divisor of 2 and m.
2
Suppose 5*u = -5 + 185. Suppose 0*p - 2*a + 14 = 5*p, 3*a + 13 = p. What is the greatest common divisor of p and u?
4
Let z(s) = 16*s + 28. Let a(u) = 5*u + 9. Let l(r) = -7*a(r) + 2*z(r). Let x be l(-5). Calculate the greatest common divisor of x and 2.
2
Suppose -2*l + 9 = -5*n + 3, 0 = 4*n + 5*l + 18. Let j be n/(-2) - (3 + -18). What is the greatest common factor of 176 and j?
16
Let a = 8 + -7. Let j = -4 + 11. Calculate the highest common divisor of j and a.
1
Let t be 10 + 1/1 + -1. Let y(n) = -n**3 + 20*n**2 + 5. Let g be y(20). What is the greatest common factor of t and g?
5
Let f be (1 - (-9)/15)*5. Suppose -f = -2*p + 24. Suppose 3*d + 2 = 2*k - 30, 0 = 2*k + 5*d - p. What is the highest common factor of 143 and k?
13
Let b = -7 - -26. Suppose 1 - b = -y. What is the greatest common factor of y and 162?
18
Suppose -m + 4 = -17. Calculate the greatest common divisor of m and 7.
7
Suppose -l = 2*l - 378. What is the highest common divisor of 21 and l?
21
Let g(c) be the first derivative of c**3/3 - c**2 - 8*c + 4. Let o be g(6). Calculate the greatest common factor of o and 2.
2
Let m(l) = -l**3 - 5*l**2 + 5*l - 3. Let y be m(-6). Let r(v) = 5*v - 4. Let o be r(5). Calculate the greatest common factor of y and o.
3
Suppose 3*o = 2*o + 30. Calculate the greatest common factor of 10 and o.
10
Suppose 3*n + 3*g - 321 = 348, -2*n - g = -444. What is the greatest common divisor of n and 17?
17
Let r(x) = 15*x + 5. Suppose -6*a + 16 = -2*a. Let h be r(a). Suppose -5*v + 0*v + 134 = -t, -v + 2*t + 34 = 0. Calculate the highest common divisor of v and h.
13
Let z be (-1 - 6/((-144)/20))*-6. Calculate the greatest common divisor of 2 and z.
1
Let y(x) = -x**3 + 5*x + x**2 + 5*x**2 - 3 - 1. Let f be y(4). Suppose 8*z - 9*z + 6 = 0. Calculate the greatest common factor of f and z.
6
Suppose -5*y + v = 38, 5*y = -v + 5*v - 32. Let b = y - -21. Let q be ((-416)/(-8))/(1/2). What is the highest common divisor of b and q?
13
Let q = -121 - -136. Calculate the greatest common divisor of 60 and q.
15
Let t = -1 - -3. Let z be 7 - t*2/(-4). What is the greatest common divisor of z and 1?
1
Let i = -157 + 289. Calculate the highest common factor of i and 12.
12
Let g = 32 - 15. Let z be (g/(-1) - -2)/(-1). Calculate the greatest common factor of 135 and z.
15
Let o be 2/(-9) + (-86)/18. Let u(j) = -j**2 - 4*j + 6. Let p be u(o). Let s be (33/(-2))/(p/(-2)). Calculate the greatest common divisor of 11 and s.
11
Let o = 17 + -17. Suppose o*w + 48 = 4*w. Calculate the highest common factor of 12 and w.
12
Let m(y) = y**2 - 7*y - 5. Let f be m(7). Let i = 7 + f. Calculate the greatest common divisor of i and 2.
2
Let y(c) = -c**3 + 7*c**2 - 4*c - 6. Let h be y(6). Let l be (1 + 3)/((-1)/2). Let v = l - -14. Calculate the highest common divisor of v and h.
6
Let j(v) = v**2 - 8*v - 88. Let y be j(-8). Suppose -3*n - 2*f - 18 = -5*n, -n + 2*f + 13 = 0. Calculate the highest common divisor of y and n.
5
Let q = 1 + 1. Suppose -3*j = -5*j. Suppose -2*x + j = -q. Calculate the greatest common divisor of x and 8.
1
Let n = -161 + 185. Calculate the highest common factor of n and 18.
6
Let h be 13/3 + 5/(-15). What is the highest common factor of h and 14?
2
Let y = -43 - -61. What is the greatest common divisor of 2 and y?
2
Suppose 0 = -h - 3*r + 1, -r = 4*h - 26. Let m = -2 - -2. Suppose m*g + 4*g = 196. What is the highest common factor of g and h?
7
Suppose 0 = -2*v - 4, -4*v + 7*v + 70 = 4*j. Calculate the highest common factor of j and 144.
16
Let s be (-6 - 1)*(-2 - -1). Suppose 0 = -8*c + 6*c + 154. Calculate the greatest common divisor of s and c.
7
Let c = 41 + -37. Calculate the greatest common fa